Last updated on 2025-07-27 20:50:02 CEST.
Flavor | Version | Tinstall | Tcheck | Ttotal | Status | Flags |
---|---|---|---|---|---|---|
r-devel-linux-x86_64-debian-clang | 0.12.1 | 1.74 | 17.99 | 19.73 | NOTE | |
r-devel-linux-x86_64-debian-gcc | 0.12.1 | 1.31 | 14.92 | 16.23 | NOTE | |
r-devel-linux-x86_64-fedora-clang | 0.12.1 | 30.22 | OK | |||
r-devel-linux-x86_64-fedora-gcc | 0.12.1 | 30.60 | OK | |||
r-devel-windows-x86_64 | 0.12.1 | 2.00 | 34.00 | 36.00 | OK | |
r-patched-linux-x86_64 | 0.12.1 | 1.50 | 16.99 | 18.49 | OK | |
r-release-linux-x86_64 | 0.12.1 | 1.42 | 16.79 | 18.21 | OK | |
r-release-macos-arm64 | 0.12.1 | 14.00 | OK | |||
r-release-macos-x86_64 | 0.12.1 | 21.00 | OK | |||
r-release-windows-x86_64 | 0.12.1 | 3.00 | 37.00 | 40.00 | OK | |
r-oldrel-macos-arm64 | 0.12.1 | 15.00 | OK | |||
r-oldrel-macos-x86_64 | 0.12.1 | 19.00 | OK | |||
r-oldrel-windows-x86_64 | 0.12.1 | 2.00 | 35.00 | 37.00 | OK |
Version: 0.12.1
Check: CRAN incoming feasibility
Result: NOTE
Maintainer: ‘Lukasz Komsta <lukasz.komsta@umlub.pl>’
No Authors@R field in DESCRIPTION.
Please add one, modifying
Authors@R: person(given = "Lukasz",
family = "Komsta",
role = c("aut", "cre"),
email = "lukasz.komsta@umlub.pl")
as necessary.
Flavors: r-devel-linux-x86_64-debian-clang, r-devel-linux-x86_64-debian-gcc