Last updated on 2025-07-27 20:50:01 CEST.
Flavor | Version | Tinstall | Tcheck | Ttotal | Status | Flags |
---|---|---|---|---|---|---|
r-devel-linux-x86_64-debian-clang | 0.0.2 | 3.70 | 49.88 | 53.58 | OK | |
r-devel-linux-x86_64-debian-gcc | 0.0.2 | 3.09 | 40.16 | 43.25 | OK | |
r-devel-linux-x86_64-fedora-clang | 0.0.2 | 82.95 | NOTE | |||
r-devel-linux-x86_64-fedora-gcc | 0.0.2 | 95.07 | NOTE | |||
r-devel-windows-x86_64 | 0.0.2 | 6.00 | 81.00 | 87.00 | OK | |
r-patched-linux-x86_64 | 0.0.2 | 3.82 | 47.33 | 51.15 | OK | |
r-release-linux-x86_64 | 0.0.2 | 3.60 | 47.26 | 50.86 | OK | |
r-release-macos-arm64 | 0.0.2 | 65.00 | OK | |||
r-release-macos-x86_64 | 0.0.2 | 75.00 | OK | |||
r-release-windows-x86_64 | 0.0.2 | 6.00 | 69.00 | 75.00 | OK | |
r-oldrel-macos-arm64 | 0.0.2 | 36.00 | NOTE | |||
r-oldrel-macos-x86_64 | 0.0.2 | 53.00 | NOTE | |||
r-oldrel-windows-x86_64 | 0.0.2 | 7.00 | 82.00 | 89.00 | NOTE |
Version: 0.0.2
Check: dependencies in R code
Result: NOTE
Namespace in Imports field not imported from: ‘R6’
All declared Imports should be used.
Flavors: r-devel-linux-x86_64-fedora-clang, r-devel-linux-x86_64-fedora-gcc
Version: 0.0.2
Check: LazyData
Result: NOTE
'LazyData' is specified without a 'data' directory
Flavors: r-oldrel-macos-arm64, r-oldrel-macos-x86_64, r-oldrel-windows-x86_64