CRAN Package Check Results for Package linl

Last updated on 2025-07-27 08:48:32 CEST.

Flavor Version Tinstall Tcheck Ttotal Status Flags
r-devel-linux-x86_64-debian-clang 0.0.5 2.57 31.60 34.17 NOTE
r-devel-linux-x86_64-debian-gcc 0.0.5 1.79 26.00 27.79 NOTE
r-devel-linux-x86_64-fedora-clang 0.0.5 51.77 OK
r-devel-linux-x86_64-fedora-gcc 0.0.5 64.37 OK
r-devel-windows-x86_64 0.0.5 5.00 66.00 71.00 OK
r-patched-linux-x86_64 0.0.5 2.59 29.26 31.85 OK
r-release-linux-x86_64 0.0.5 2.45 29.07 31.52 OK
r-release-macos-arm64 0.0.5 57.00 OK
r-release-macos-x86_64 0.0.5 57.00 OK
r-release-windows-x86_64 0.0.5 4.00 57.00 61.00 OK
r-oldrel-macos-arm64 0.0.5 26.00 OK
r-oldrel-macos-x86_64 0.0.5 39.00 OK
r-oldrel-windows-x86_64 0.0.5 5.00 64.00 69.00 OK

Check Details

Version: 0.0.5
Check: CRAN incoming feasibility
Result: NOTE Maintainer: ‘Dirk Eddelbuettel <edd@debian.org>’ No Authors@R field in DESCRIPTION. Please add one, modifying Authors@R: c(person(given = "Dirk", family = "Eddelbuettel", role = c("aut", "cre"), email = "edd@debian.org"), person(given = "Aaron", family = "Wolen", role = "aut")) as necessary. Flavors: r-devel-linux-x86_64-debian-clang, r-devel-linux-x86_64-debian-gcc