Last updated on 2025-07-26 19:49:56 CEST.
Flavor | Version | Tinstall | Tcheck | Ttotal | Status | Flags |
---|---|---|---|---|---|---|
r-devel-linux-x86_64-debian-clang | 1.3.0 | 9.38 | 89.86 | 99.24 | OK | |
r-devel-linux-x86_64-debian-gcc | 1.3.0 | 6.67 | 62.70 | 69.37 | OK | |
r-devel-linux-x86_64-fedora-clang | 1.3.0 | 157.52 | OK | |||
r-devel-linux-x86_64-fedora-gcc | 1.3.0 | 159.57 | OK | |||
r-devel-windows-x86_64 | 1.3.0 | 13.00 | 110.00 | 123.00 | OK | |
r-patched-linux-x86_64 | 1.3.0 | 9.05 | 83.60 | 92.65 | OK | |
r-release-linux-x86_64 | 1.3.0 | 9.08 | 84.01 | 93.09 | OK | |
r-release-macos-arm64 | 1.3.0 | 47.00 | OK | |||
r-release-macos-x86_64 | 1.3.0 | 85.00 | OK | |||
r-release-windows-x86_64 | 1.3.0 | 12.00 | 100.00 | 112.00 | OK | |
r-oldrel-macos-arm64 | 1.3.0 | 49.00 | NOTE | |||
r-oldrel-macos-x86_64 | 1.3.0 | 124.00 | NOTE | |||
r-oldrel-windows-x86_64 | 1.3.0 | 16.00 | 123.00 | 139.00 | NOTE |
Version: 1.3.0
Check: LazyData
Result: NOTE
'LazyData' is specified without a 'data' directory
Flavors: r-oldrel-macos-arm64, r-oldrel-macos-x86_64, r-oldrel-windows-x86_64