Last updated on 2025-07-27 08:48:32 CEST.
Flavor | Version | Tinstall | Tcheck | Ttotal | Status | Flags |
---|---|---|---|---|---|---|
r-devel-linux-x86_64-debian-clang | 1.0.0 | 2.10 | 33.17 | 35.27 | OK | |
r-devel-linux-x86_64-debian-gcc | 1.0.0 | 1.62 | 25.31 | 26.93 | OK | |
r-devel-linux-x86_64-fedora-clang | 1.0.0 | 52.87 | OK | |||
r-devel-linux-x86_64-fedora-gcc | 1.0.0 | 50.37 | OK | |||
r-devel-windows-x86_64 | 1.0.0 | 5.00 | 58.00 | 63.00 | OK | |
r-patched-linux-x86_64 | 1.0.0 | 2.12 | 29.92 | 32.04 | OK | |
r-release-linux-x86_64 | 1.0.0 | 2.03 | 30.27 | 32.30 | OK | |
r-release-macos-arm64 | 1.0.0 | 21.00 | OK | |||
r-release-macos-x86_64 | 1.0.0 | 37.00 | OK | |||
r-release-windows-x86_64 | 1.0.0 | 4.00 | 58.00 | 62.00 | OK | |
r-oldrel-macos-arm64 | 1.0.0 | 21.00 | NOTE | |||
r-oldrel-macos-x86_64 | 1.0.0 | 30.00 | NOTE | |||
r-oldrel-windows-x86_64 | 1.0.0 | 6.00 | 67.00 | 73.00 | NOTE |
Version: 1.0.0
Check: LazyData
Result: NOTE
'LazyData' is specified without a 'data' directory
Flavors: r-oldrel-macos-arm64, r-oldrel-macos-x86_64, r-oldrel-windows-x86_64