Last updated on 2025-07-26 19:49:56 CEST.
Flavor | Version | Tinstall | Tcheck | Ttotal | Status | Flags |
---|---|---|---|---|---|---|
r-devel-linux-x86_64-debian-clang | 0.2.3 | 1.65 | 61.86 | 63.51 | NOTE | |
r-devel-linux-x86_64-debian-gcc | 0.2.3 | 1.39 | 34.69 | 36.08 | ERROR | |
r-devel-linux-x86_64-fedora-clang | 0.2.3 | 101.74 | OK | |||
r-devel-linux-x86_64-fedora-gcc | 0.2.3 | 110.29 | OK | |||
r-devel-windows-x86_64 | 0.2.3 | 4.00 | 88.00 | 92.00 | OK | |
r-patched-linux-x86_64 | 0.2.3 | 1.85 | 56.94 | 58.79 | OK | |
r-release-linux-x86_64 | 0.2.3 | 1.66 | 57.00 | 58.66 | OK | |
r-release-macos-arm64 | 0.2.3 | 41.00 | OK | |||
r-release-macos-x86_64 | 0.2.3 | 73.00 | OK | |||
r-release-windows-x86_64 | 0.2.3 | 3.00 | 77.00 | 80.00 | OK | |
r-oldrel-macos-arm64 | 0.2.3 | 39.00 | OK | |||
r-oldrel-macos-x86_64 | 0.2.3 | 56.00 | OK | |||
r-oldrel-windows-x86_64 | 0.2.3 | 4.00 | 94.00 | 98.00 | OK |
Version: 0.2.3
Check: CRAN incoming feasibility
Result: NOTE
Maintainer: ‘Florian Erhard <florian.erhard@uni-wuerzburg.de>’
No Authors@R field in DESCRIPTION.
Please add one, modifying
Authors@R: person(given = "Florian",
family = "Erhard",
role = c("aut", "cre"),
email = "florian.erhard@uni-wuerzburg.de")
as necessary.
Flavors: r-devel-linux-x86_64-debian-clang, r-devel-linux-x86_64-debian-gcc
Version: 0.2.3
Check: re-building of vignette outputs
Result: ERROR
Error(s) in re-building vignettes:
...
--- re-building ‘lfc_vignette.Rmd’ using rmarkdown
Quitting from lfc_vignette.Rmd:34-47 [unnamed-chunk-1]
~~~~~~~~~~~~~~~~~~~~~~~~~~~~~~~~~~~~~~~~~~~~~~~~~~~~~~~~~~~~~~~~~~~~~~~~~~~~~~~~
<error/rlang_error>
Error in `[.data.frame`:
! undefined columns selected
---
Backtrace:
▆
1. ├─t[, 4]
2. └─base::`[.data.frame`(t, , 4)
~~~~~~~~~~~~~~~~~~~~~~~~~~~~~~~~~~~~~~~~~~~~~~~~~~~~~~~~~~~~~~~~~~~~~~~~~~~~~~~~
Error: processing vignette 'lfc_vignette.Rmd' failed with diagnostics:
undefined columns selected
--- failed re-building ‘lfc_vignette.Rmd’
SUMMARY: processing the following file failed:
‘lfc_vignette.Rmd’
Error: Vignette re-building failed.
Execution halted
Flavor: r-devel-linux-x86_64-debian-gcc