CRAN Package Check Results for Package isotracer

Last updated on 2025-07-26 08:49:24 CEST.

Flavor Version Tinstall Tcheck Ttotal Status Flags
r-devel-linux-x86_64-debian-clang 1.1.8 335.29 333.86 669.15 OK
r-devel-linux-x86_64-debian-gcc 1.1.8 208.21 247.49 455.70 OK
r-devel-linux-x86_64-fedora-clang 1.1.8 904.11 NOTE
r-devel-linux-x86_64-fedora-gcc 1.1.8 1077.38 NOTE
r-devel-windows-x86_64 1.1.8 236.00 329.00 565.00 OK
r-patched-linux-x86_64 1.1.8 272.98 333.12 606.10 OK
r-release-linux-x86_64 1.1.8 278.15 330.64 608.79 OK
r-release-macos-arm64 1.1.8 223.00 OK
r-release-macos-x86_64 1.1.8 367.00 OK
r-release-windows-x86_64 1.1.8 231.00 327.00 558.00 OK
r-oldrel-macos-arm64 1.1.8 209.00 NOTE
r-oldrel-macos-x86_64 1.1.8 358.00 NOTE
r-oldrel-windows-x86_64 1.1.8 295.00 435.00 730.00 ERROR

Check Details

Version: 1.1.8
Check: dependencies in R code
Result: NOTE Namespace in Imports field not imported from: ‘rstantools’ All declared Imports should be used. Flavors: r-devel-linux-x86_64-fedora-clang, r-devel-linux-x86_64-fedora-gcc

Version: 1.1.8
Check: installed package size
Result: NOTE installed size is 93.5Mb sub-directories of 1Mb or more: data 2.0Mb doc 2.3Mb libs 88.2Mb Flavors: r-oldrel-macos-arm64, r-oldrel-macos-x86_64, r-oldrel-windows-x86_64

Version: 1.1.8
Check: for GNU extensions in Makefiles
Result: NOTE GNU make is a SystemRequirements. Flavors: r-oldrel-macos-arm64, r-oldrel-macos-x86_64, r-oldrel-windows-x86_64

Version: 1.1.8
Check: tests
Result: ERROR Running 'testthat.R' [136s] Running the tests in 'tests/testthat.R' failed. Complete output: > library(testthat) > library(isotracer) To automatically run isotracer in parallel on a multicore CPU, you can call: options(mc.cores = parallel::detectCores()) Attaching package: 'isotracer' The following object is masked from 'package:stats': filter > > test_check("isotracer") [ FAIL 2 | WARN 12 | SKIP 0 | PASS 581 ] ══ Failed tests ════════════════════════════════════════════════════════════════ ── Failure ('test-steady-states-flows-pred.R:274:5'): Predictions for open network, multiple units, one steady, no split ── all(x[["from"]] - x[["to"]] < 1e-12) is not TRUE `actual`: FALSE `expected`: TRUE ── Failure ('test-steady-states-flows-pred.R:274:5'): Predictions for open network, multiple units, one steady, no split ── all(x[["from"]] - x[["to"]] < 1e-12) is not TRUE `actual`: FALSE `expected`: TRUE [ FAIL 2 | WARN 12 | SKIP 0 | PASS 581 ] Error: Test failures Execution halted Flavor: r-oldrel-windows-x86_64