Last updated on 2025-07-25 20:49:31 CEST.
Flavor | Version | Tinstall | Tcheck | Ttotal | Status | Flags |
---|---|---|---|---|---|---|
r-devel-linux-x86_64-debian-clang | 1.1.0 | 21.32 | 238.19 | 259.51 | OK | |
r-devel-linux-x86_64-debian-gcc | 1.1.0 | 14.88 | 159.11 | 173.99 | OK | |
r-devel-linux-x86_64-fedora-clang | 1.1.0 | 406.26 | OK | |||
r-devel-linux-x86_64-fedora-gcc | 1.1.0 | 400.00 | OK | |||
r-devel-windows-x86_64 | 1.1.0 | 22.00 | 215.00 | 237.00 | WARN | |
r-patched-linux-x86_64 | 1.1.0 | 19.69 | 222.36 | 242.05 | OK | |
r-release-linux-x86_64 | 1.1.0 | 20.69 | 225.66 | 246.35 | OK | |
r-release-macos-arm64 | 1.1.0 | 83.00 | OK | |||
r-release-macos-x86_64 | 1.1.0 | 142.00 | OK | |||
r-release-windows-x86_64 | 1.1.0 | 25.00 | 212.00 | 237.00 | OK | |
r-oldrel-macos-arm64 | 1.1.0 | 94.00 | OK | |||
r-oldrel-macos-x86_64 | 1.1.0 | 149.00 | OK | |||
r-oldrel-windows-x86_64 | 1.1.0 | 31.00 | 290.00 | 321.00 | OK |
Version: 1.1.0
Check: whether package can be installed
Result: WARN
Found the following significant warnings:
Warning: namespace 'fHMM' is not available and has been replaced
Flavor: r-devel-windows-x86_64