CRAN Package Check Results for Package infiltrodiscR

Last updated on 2025-07-24 20:49:28 CEST.

Flavor Version Tinstall Tcheck Ttotal Status Flags
r-devel-linux-x86_64-debian-clang 0.0.5 1.62 23.51 25.13 OK
r-devel-linux-x86_64-debian-gcc 0.0.5 1.34 18.60 19.94 OK
r-devel-linux-x86_64-fedora-clang 0.0.5 38.00 NOTE
r-devel-linux-x86_64-fedora-gcc 0.0.5 35.18 NOTE
r-devel-windows-x86_64 0.0.5 3.00 44.00 47.00 OK
r-patched-linux-x86_64 0.0.5 1.80 21.04 22.84 OK
r-release-linux-x86_64 0.0.5 1.28 20.93 22.21 OK
r-release-macos-arm64 0.0.5 17.00 OK
r-release-macos-x86_64 0.0.5 27.00 OK
r-release-windows-x86_64 0.0.5 3.00 48.00 51.00 OK
r-oldrel-macos-arm64 0.0.5 19.00 OK
r-oldrel-macos-x86_64 0.0.5 30.00 OK
r-oldrel-windows-x86_64 0.0.5 3.00 49.00 52.00 OK

Check Details

Version: 0.0.5
Check: dependencies in R code
Result: NOTE Namespace in Imports field not imported from: ‘utils’ All declared Imports should be used. Flavors: r-devel-linux-x86_64-fedora-clang, r-devel-linux-x86_64-fedora-gcc