CRAN Package Check Results for Package icensmis

Last updated on 2025-07-27 08:48:31 CEST.

Flavor Version Tinstall Tcheck Ttotal Status Flags
r-devel-linux-x86_64-debian-clang 1.5.0 40.23 33.02 73.25 NOTE
r-devel-linux-x86_64-debian-gcc 1.5.0 28.51 25.75 54.26 NOTE
r-devel-linux-x86_64-fedora-clang 1.5.0 131.49 OK
r-devel-linux-x86_64-fedora-gcc 1.5.0 118.60 OK
r-devel-windows-x86_64 1.5.0 43.00 77.00 120.00 OK
r-patched-linux-x86_64 1.5.0 37.76 31.00 68.76 OK
r-release-linux-x86_64 1.5.0 39.50 31.09 70.59 OK
r-release-macos-arm64 1.5.0 31.00 OK
r-release-macos-x86_64 1.5.0 44.00 OK
r-release-windows-x86_64 1.5.0 41.00 75.00 116.00 OK
r-oldrel-macos-arm64 1.5.0 31.00 OK
r-oldrel-macos-x86_64 1.5.0 40.00 OK
r-oldrel-windows-x86_64 1.5.0 40.00 79.00 119.00 OK

Check Details

Version: 1.5.0
Check: CRAN incoming feasibility
Result: NOTE Maintainer: ‘Xiangdong Gu <ustcgxd@gmail.com>’ No Authors@R field in DESCRIPTION. Please add one, modifying Authors@R: c(person(given = "Xiangdong", family = "Gu", role = c("aut", "cre"), email = "ustcgxd@gmail.com"), person(given = "Raji", family = "Balasubramanian", role = "aut")) as necessary. Flavors: r-devel-linux-x86_64-debian-clang, r-devel-linux-x86_64-debian-gcc