Last updated on 2025-07-27 08:48:30 CEST.
Flavor | Version | Tinstall | Tcheck | Ttotal | Status | Flags |
---|---|---|---|---|---|---|
r-devel-linux-x86_64-debian-clang | 0.5.1 | 50.12 | 24.43 | 74.55 | NOTE | |
r-devel-linux-x86_64-debian-gcc | 0.5.1 | 42.25 | 19.10 | 61.35 | NOTE | |
r-devel-linux-x86_64-fedora-clang | 0.5.1 | 186.54 | NOTE | |||
r-devel-linux-x86_64-fedora-gcc | 0.5.1 | 137.38 | NOTE | |||
r-devel-windows-x86_64 | 0.5.1 | 71.00 | 70.00 | 141.00 | NOTE | |
r-patched-linux-x86_64 | 0.5.1 | 55.91 | 22.91 | 78.82 | NOTE | |
r-release-linux-x86_64 | 0.5.1 | 52.28 | 22.81 | 75.09 | NOTE | |
r-release-macos-arm64 | 0.5.1 | 44.00 | NOTE | |||
r-release-macos-x86_64 | 0.5.1 | 51.00 | NOTE | |||
r-release-windows-x86_64 | 0.5.1 | 72.00 | 75.00 | 147.00 | NOTE | |
r-oldrel-macos-arm64 | 0.5.1 | 50.00 | NOTE | |||
r-oldrel-macos-x86_64 | 0.5.1 | 42.00 | NOTE | |||
r-oldrel-windows-x86_64 | 0.5.1 | 71.00 | 71.00 | 142.00 | NOTE |
Version: 0.5.1
Check: C++ specification
Result: NOTE
Specified C++11: please drop specification unless essential
Flavors: r-devel-linux-x86_64-debian-clang, r-devel-linux-x86_64-debian-gcc, r-devel-linux-x86_64-fedora-clang, r-devel-linux-x86_64-fedora-gcc, r-devel-windows-x86_64, r-patched-linux-x86_64, r-release-linux-x86_64, r-release-macos-arm64, r-release-macos-x86_64, r-release-windows-x86_64, r-oldrel-macos-arm64, r-oldrel-macos-x86_64, r-oldrel-windows-x86_64
Version: 0.5.1
Check: installed package size
Result: NOTE
installed size is 8.7Mb
sub-directories of 1Mb or more:
highlight 1.0Mb
libs 7.5Mb
Flavors: r-oldrel-macos-arm64, r-oldrel-macos-x86_64