Last updated on 2025-07-24 20:49:27 CEST.
Flavor | Version | Tinstall | Tcheck | Ttotal | Status | Flags |
---|---|---|---|---|---|---|
r-devel-linux-x86_64-debian-clang | 1.2.33 | 64.17 | 185.74 | 249.91 | OK | |
r-devel-linux-x86_64-debian-gcc | 1.2.33 | 39.99 | 117.02 | 157.01 | OK | |
r-devel-linux-x86_64-fedora-clang | 1.2.33 | 427.56 | OK | |||
r-devel-linux-x86_64-fedora-gcc | 1.2.33 | 360.25 | OK | |||
r-devel-windows-x86_64 | 1.2.33 | 69.00 | 151.00 | 220.00 | OK | |
r-patched-linux-x86_64 | 1.2.33 | 59.10 | 175.90 | 235.00 | OK | |
r-release-linux-x86_64 | 1.2.33 | 59.82 | 176.27 | 236.09 | OK | |
r-release-macos-arm64 | 1.2.33 | 81.00 | OK | |||
r-release-macos-x86_64 | 1.2.33 | 158.00 | OK | |||
r-release-windows-x86_64 | 1.2.33 | 71.00 | 159.00 | 230.00 | OK | |
r-oldrel-macos-arm64 | 1.2.33 | 84.00 | NOTE | |||
r-oldrel-macos-x86_64 | 1.2.33 | 120.00 | NOTE | |||
r-oldrel-windows-x86_64 | 1.2.33 | 91.00 | 213.00 | 304.00 | OK |
Version: 1.2.33
Check: installed package size
Result: NOTE
installed size is 6.0Mb
sub-directories of 1Mb or more:
extdata 2.6Mb
libs 3.3Mb
Flavors: r-oldrel-macos-arm64, r-oldrel-macos-x86_64