Last updated on 2025-07-26 19:49:54 CEST.
Flavor | Version | Tinstall | Tcheck | Ttotal | Status | Flags |
---|---|---|---|---|---|---|
r-devel-linux-x86_64-debian-clang | 0.8.0 | 4.61 | 58.50 | 63.11 | OK | |
r-devel-linux-x86_64-debian-gcc | 0.8.0 | 3.01 | 43.07 | 46.08 | OK | |
r-devel-linux-x86_64-fedora-clang | 0.8.0 | 97.99 | OK | |||
r-devel-linux-x86_64-fedora-gcc | 0.8.0 | 109.16 | OK | |||
r-devel-windows-x86_64 | 0.8.0 | 8.00 | 93.00 | 101.00 | OK | |
r-patched-linux-x86_64 | 0.8.0 | 4.77 | 56.44 | 61.21 | OK | |
r-release-linux-x86_64 | 0.8.0 | 4.05 | 56.62 | 60.67 | OK | |
r-release-macos-arm64 | 0.8.0 | 37.00 | OK | |||
r-release-macos-x86_64 | 0.8.0 | 93.00 | OK | |||
r-release-windows-x86_64 | 0.8.0 | 6.00 | 86.00 | 92.00 | OK | |
r-oldrel-macos-arm64 | 0.8.0 | 41.00 | NOTE | |||
r-oldrel-macos-x86_64 | 0.8.0 | 86.00 | NOTE | |||
r-oldrel-windows-x86_64 | 0.8.0 | 6.00 | 100.00 | 106.00 | NOTE |
Version: 0.8.0
Check: installed package size
Result: NOTE
installed size is 5.9Mb
sub-directories of 1Mb or more:
doc 5.3Mb
Flavors: r-oldrel-macos-arm64, r-oldrel-macos-x86_64, r-oldrel-windows-x86_64