CRAN Package Check Results for Package gramEvol

Last updated on 2025-07-27 08:48:30 CEST.

Flavor Version Tinstall Tcheck Ttotal Status Flags
r-devel-linux-x86_64-debian-clang 2.1-4 2.69 52.49 55.18 NOTE
r-devel-linux-x86_64-debian-gcc 2.1-4 2.15 39.33 41.48 NOTE
r-devel-linux-x86_64-fedora-clang 2.1-4 87.28 OK
r-devel-linux-x86_64-fedora-gcc 2.1-4 98.41 OK
r-devel-windows-x86_64 2.1-4 5.00 107.00 112.00 OK
r-patched-linux-x86_64 2.1-4 3.41 49.15 52.56 OK
r-release-linux-x86_64 2.1-4 2.66 49.03 51.69 OK
r-release-macos-arm64 2.1-4 39.00 OK
r-release-macos-x86_64 2.1-4 68.00 OK
r-release-windows-x86_64 2.1-4 5.00 95.00 100.00 OK
r-oldrel-macos-arm64 2.1-4 34.00 OK
r-oldrel-macos-x86_64 2.1-4 94.00 OK
r-oldrel-windows-x86_64 2.1-4 5.00 101.00 106.00 OK

Check Details

Version: 2.1-4
Check: CRAN incoming feasibility
Result: NOTE Maintainer: ‘Farzad Noorian <farzad.noorian@gmail.com>’ No Authors@R field in DESCRIPTION. Please add one, modifying Authors@R: c(person(given = "Farzad", family = "Noorian", role = c("aut", "cre"), email = "farzad.noorian@gmail.com"), person(given = c("Anthony", "Mihirana"), family = "de Silva", role = "aut")) as necessary. Flavors: r-devel-linux-x86_64-debian-clang, r-devel-linux-x86_64-debian-gcc