Last updated on 2025-07-27 08:48:30 CEST.
Flavor | Version | Tinstall | Tcheck | Ttotal | Status | Flags |
---|---|---|---|---|---|---|
r-devel-linux-x86_64-debian-clang | 0.2.0 | 3.61 | 33.95 | 37.56 | OK | |
r-devel-linux-x86_64-debian-gcc | 0.2.0 | 2.29 | 25.71 | 28.00 | OK | |
r-devel-linux-x86_64-fedora-clang | 0.2.0 | 56.16 | OK | |||
r-devel-linux-x86_64-fedora-gcc | 0.2.0 | 52.90 | OK | |||
r-devel-windows-x86_64 | 0.2.0 | 7.00 | 58.00 | 65.00 | OK | |
r-patched-linux-x86_64 | 0.2.0 | 3.80 | 30.38 | 34.18 | OK | |
r-release-linux-x86_64 | 0.2.0 | 3.19 | 29.99 | 33.18 | OK | |
r-release-macos-arm64 | 0.2.0 | 37.00 | OK | |||
r-release-macos-x86_64 | 0.2.0 | 38.00 | OK | |||
r-release-windows-x86_64 | 0.2.0 | 5.00 | 53.00 | 58.00 | OK | |
r-oldrel-macos-arm64 | 0.2.0 | 22.00 | NOTE | |||
r-oldrel-macos-x86_64 | 0.2.0 | 30.00 | NOTE | |||
r-oldrel-windows-x86_64 | 0.2.0 | 7.00 | 62.00 | 69.00 | NOTE |
Version: 0.2.0
Check: LazyData
Result: NOTE
'LazyData' is specified without a 'data' directory
Flavors: r-oldrel-macos-arm64, r-oldrel-macos-x86_64, r-oldrel-windows-x86_64