Last updated on 2025-07-27 08:48:29 CEST.
Flavor | Version | Tinstall | Tcheck | Ttotal | Status | Flags |
---|---|---|---|---|---|---|
r-devel-linux-x86_64-debian-clang | 1.0.2 | 417.84 | 148.03 | 565.87 | OK | |
r-devel-linux-x86_64-debian-gcc | 1.0.2 | 357.05 | 124.54 | 481.59 | OK | |
r-devel-linux-x86_64-fedora-clang | 1.0.2 | 849.48 | OK | |||
r-devel-linux-x86_64-fedora-gcc | 1.0.2 | 1084.46 | OK | |||
r-devel-windows-x86_64 | 1.0.2 | 326.00 | 203.00 | 529.00 | OK | |
r-patched-linux-x86_64 | 1.0.2 | 453.43 | 168.01 | 621.44 | OK | |
r-release-linux-x86_64 | 1.0.2 | 451.00 | 167.98 | 618.98 | OK | |
r-release-macos-arm64 | 1.0.1 | 183.00 | OK | |||
r-release-macos-x86_64 | 1.0.2 | 313.00 | OK | |||
r-release-windows-x86_64 | 1.0.2 | 356.00 | 205.00 | 561.00 | OK | |
r-oldrel-macos-arm64 | 1.0.1 | 202.00 | NOTE | |||
r-oldrel-macos-x86_64 | 1.0.2 | 326.00 | NOTE | |||
r-oldrel-windows-x86_64 | 1.0.2 | 447.00 | 256.00 | 703.00 | NOTE |
Version: 1.0.1
Check: installed package size
Result: NOTE
installed size is 148.5Mb
sub-directories of 1Mb or more:
libs 147.1Mb
Flavor: r-oldrel-macos-arm64
Version: 1.0.1
Check: for GNU extensions in Makefiles
Result: NOTE
GNU make is a SystemRequirements.
Flavor: r-oldrel-macos-arm64
Version: 1.0.2
Check: installed package size
Result: NOTE
installed size is 152.1Mb
sub-directories of 1Mb or more:
libs 150.7Mb
Flavors: r-oldrel-macos-x86_64, r-oldrel-windows-x86_64
Version: 1.0.2
Check: for GNU extensions in Makefiles
Result: NOTE
GNU make is a SystemRequirements.
Flavors: r-oldrel-macos-x86_64, r-oldrel-windows-x86_64