CRAN Package Check Results for Package ggmr

Last updated on 2025-07-26 19:49:53 CEST.

Flavor Version Tinstall Tcheck Ttotal Status Flags
r-devel-linux-x86_64-debian-clang 0.1.1 1.86 19.97 21.83 NOTE
r-devel-linux-x86_64-debian-gcc 0.1.1 1.62 16.86 18.48 NOTE
r-devel-linux-x86_64-fedora-clang 0.1.1 32.60 OK
r-devel-linux-x86_64-fedora-gcc 0.1.1 31.28 OK
r-devel-windows-x86_64 0.1.1 5.00 47.00 52.00 OK
r-patched-linux-x86_64 0.1.1 1.53 19.01 20.54 OK
r-release-linux-x86_64 0.1.1 1.53 18.86 20.39 OK
r-release-macos-arm64 0.1.1 16.00 OK
r-release-macos-x86_64 0.1.1 24.00 OK
r-release-windows-x86_64 0.1.1 2.00 51.00 53.00 OK
r-oldrel-macos-arm64 0.1.1 15.00 OK
r-oldrel-macos-x86_64 0.1.1 21.00 OK
r-oldrel-windows-x86_64 0.1.1 3.00 44.00 47.00 OK

Check Details

Version: 0.1.1
Check: CRAN incoming feasibility
Result: NOTE Maintainer: ‘Hugo Gasca-Aragon <hugo_gasca_aragon@hotmail.com>’ No Authors@R field in DESCRIPTION. Please add one, modifying Authors@R: person(given = "Hugo", family = "Gasca-Aragon", role = c("aut", "cre"), email = "hugo_gasca_aragon@hotmail.com") as necessary. Flavors: r-devel-linux-x86_64-debian-clang, r-devel-linux-x86_64-debian-gcc