CRAN Package Check Results for Package gets

Last updated on 2025-07-27 08:48:29 CEST.

Flavor Version Tinstall Tcheck Ttotal Status Flags
r-devel-linux-x86_64-debian-clang 0.38 13.81 103.24 117.05 NOTE
r-devel-linux-x86_64-debian-gcc 0.38 9.04 69.22 78.26 NOTE
r-devel-linux-x86_64-fedora-clang 0.38 179.97 OK
r-devel-linux-x86_64-fedora-gcc 0.38 180.64 OK
r-devel-windows-x86_64 0.38 15.00 160.00 175.00 OK
r-patched-linux-x86_64 0.38 14.61 96.27 110.88 OK
r-release-linux-x86_64 0.38 12.16 95.82 107.98 OK
r-release-macos-arm64 0.38 84.00 OK
r-release-macos-x86_64 0.38 117.00 OK
r-release-windows-x86_64 0.38 14.00 148.00 162.00 OK
r-oldrel-macos-arm64 0.38 58.00 OK
r-oldrel-macos-x86_64 0.38 158.00 OK
r-oldrel-windows-x86_64 0.38 18.00 163.00 181.00 OK

Check Details

Version: 0.38
Check: CRAN incoming feasibility
Result: NOTE Maintainer: ‘Genaro Sucarrat <genaro.sucarrat@bi.no>’ No Authors@R field in DESCRIPTION. Please add one, modifying Authors@R: c(person(given = "Genaro", family = "Sucarrat", role = c("aut", "cre"), email = "genaro.sucarrat@bi.no"), person(given = "Felix", family = "Pretis", role = "aut"), person(given = "James", family = "Reade", role = "aut"), person(given = "Jonas", family = "Kurle", role = "ctb"), person(given = "Moritz", family = "Schwarz", role = "ctb")) as necessary. Flavors: r-devel-linux-x86_64-debian-clang, r-devel-linux-x86_64-debian-gcc