CRAN Package Check Results for Package gLRTH

Last updated on 2025-07-26 08:49:21 CEST.

Flavor Version Tinstall Tcheck Ttotal Status Flags
r-devel-linux-x86_64-debian-clang 0.2.0 1.68 18.90 20.58 OK
r-devel-linux-x86_64-debian-gcc 0.2.0 1.41 16.06 17.47 OK
r-devel-linux-x86_64-fedora-clang 0.2.0 30.96 OK
r-devel-linux-x86_64-fedora-gcc 0.2.0 29.94 OK
r-devel-windows-x86_64 0.2.0 3.00 52.00 55.00 OK
r-patched-linux-x86_64 0.2.0 1.79 17.73 19.52 OK
r-release-linux-x86_64 0.2.0 1.70 17.55 19.25 OK
r-release-macos-arm64 0.2.0 15.00 OK
r-release-macos-x86_64 0.2.0 26.00 OK
r-release-windows-x86_64 0.2.0 2.00 44.00 46.00 OK
r-oldrel-macos-arm64 0.2.0 14.00 NOTE
r-oldrel-macos-x86_64 0.2.0 20.00 NOTE
r-oldrel-windows-x86_64 0.2.0 3.00 47.00 50.00 NOTE

Check Details

Version: 0.2.0
Check: LazyData
Result: NOTE 'LazyData' is specified without a 'data' directory Flavors: r-oldrel-macos-arm64, r-oldrel-macos-x86_64, r-oldrel-windows-x86_64