CRAN Package Check Results for Package fomantic.plus

Last updated on 2025-07-27 08:48:28 CEST.

Flavor Version Tinstall Tcheck Ttotal Status Flags
r-devel-linux-x86_64-debian-clang 0.1.0 3.82 39.66 43.48 NOTE
r-devel-linux-x86_64-debian-gcc 0.1.0 2.66 30.94 33.60 NOTE
r-devel-linux-x86_64-fedora-clang 0.1.0 67.22 NOTE
r-devel-linux-x86_64-fedora-gcc 0.1.0 76.24 NOTE
r-devel-windows-x86_64 0.1.0 7.00 75.00 82.00 NOTE
r-patched-linux-x86_64 0.1.0 3.92 37.18 41.10 NOTE
r-release-linux-x86_64 0.1.0 3.87 36.77 40.64 NOTE
r-release-macos-arm64 0.1.0 43.00 NOTE
r-release-macos-x86_64 0.1.0 51.00 NOTE
r-release-windows-x86_64 0.1.0 6.00 58.00 64.00 NOTE
r-oldrel-macos-arm64 0.1.0 32.00 NOTE
r-oldrel-macos-x86_64 0.1.0 72.00 NOTE
r-oldrel-windows-x86_64 0.1.0 8.00 68.00 76.00 NOTE

Check Details

Version: 0.1.0
Check: Rd files
Result: NOTE checkRd: (-1) navbar_page.Rd:36: Lost braces in \itemize; meant \describe ? checkRd: (-1) navbar_page.Rd:37: Lost braces in \itemize; meant \describe ? checkRd: (-1) navbar_page.Rd:38: Lost braces in \itemize; meant \describe ? Flavors: r-devel-linux-x86_64-debian-clang, r-devel-linux-x86_64-debian-gcc, r-devel-linux-x86_64-fedora-clang, r-devel-linux-x86_64-fedora-gcc, r-devel-windows-x86_64, r-patched-linux-x86_64, r-release-linux-x86_64, r-release-macos-arm64, r-release-macos-x86_64, r-release-windows-x86_64, r-oldrel-macos-arm64, r-oldrel-macos-x86_64, r-oldrel-windows-x86_64