Last updated on 2025-07-27 20:49:57 CEST.
Flavor | Version | Tinstall | Tcheck | Ttotal | Status | Flags |
---|---|---|---|---|---|---|
r-devel-linux-x86_64-debian-clang | 1.0.2 | 4.01 | 22.08 | 26.09 | OK | |
r-devel-linux-x86_64-debian-gcc | 1.0.2 | 3.43 | 17.65 | 21.08 | OK | |
r-devel-linux-x86_64-fedora-clang | 1.0.2 | 38.33 | OK | |||
r-devel-linux-x86_64-fedora-gcc | 1.0.2 | 37.06 | OK | |||
r-devel-windows-x86_64 | 1.0.2 | 13.00 | 80.00 | 93.00 | OK | |
r-patched-linux-x86_64 | 1.0.2 | 3.70 | 21.07 | 24.77 | OK | |
r-release-linux-x86_64 | 1.0.2 | 4.03 | 21.14 | 25.17 | OK | |
r-release-macos-arm64 | 1.0.2 | 28.00 | OK | |||
r-release-macos-x86_64 | 1.0.2 | 40.00 | OK | |||
r-release-windows-x86_64 | 1.0.2 | 10.00 | 76.00 | 86.00 | OK | |
r-oldrel-macos-arm64 | 1.0.2 | 22.00 | OK | |||
r-oldrel-macos-x86_64 | 1.0.2 | 36.00 | OK | |||
r-oldrel-windows-x86_64 | 1.0.2 | 11.00 | 114.00 | 125.00 | NOTE |
Version: 1.0.2
Check: installed package size
Result: NOTE
installed size is 8.7Mb
sub-directories of 1Mb or more:
libs 8.6Mb
Flavor: r-oldrel-windows-x86_64