Last updated on 2025-07-27 08:48:28 CEST.
Flavor | Version | Tinstall | Tcheck | Ttotal | Status | Flags |
---|---|---|---|---|---|---|
r-devel-linux-x86_64-debian-clang | 0.3.2 | 1.96 | 30.28 | 32.24 | NOTE | |
r-devel-linux-x86_64-debian-gcc | 0.3.2 | 1.35 | 24.47 | 25.82 | NOTE | |
r-devel-linux-x86_64-fedora-clang | 0.3.2 | 49.92 | OK | |||
r-devel-linux-x86_64-fedora-gcc | 0.3.2 | 59.98 | OK | |||
r-devel-windows-x86_64 | 0.3.2 | 5.00 | 60.00 | 65.00 | OK | |
r-patched-linux-x86_64 | 0.3.2 | 1.72 | 27.74 | 29.46 | OK | |
r-release-linux-x86_64 | 0.3.2 | 1.81 | 27.60 | 29.41 | OK | |
r-release-macos-arm64 | 0.3.2 | 30.00 | OK | |||
r-release-macos-x86_64 | 0.3.2 | 48.00 | OK | |||
r-release-windows-x86_64 | 0.3.2 | 3.00 | 62.00 | 65.00 | OK | |
r-oldrel-macos-arm64 | 0.3.2 | 28.00 | OK | |||
r-oldrel-macos-x86_64 | 0.3.2 | 41.00 | OK | |||
r-oldrel-windows-x86_64 | 0.3.2 | 5.00 | 66.00 | 71.00 | OK |
Version: 0.3.2
Check: CRAN incoming feasibility
Result: NOTE
Maintainer: ‘Mátyás Mészáros <matyas.meszaros@ec.europa.eu>’
Found the following (possibly) invalid file URI:
URI: vignettes/flagr_introduction.pdf
From: README.md
Flavors: r-devel-linux-x86_64-debian-clang, r-devel-linux-x86_64-debian-gcc