Last updated on 2025-07-27 20:49:57 CEST.
Flavor | Version | Tinstall | Tcheck | Ttotal | Status | Flags |
---|---|---|---|---|---|---|
r-devel-linux-x86_64-debian-clang | 1.5.0 | 68.55 | 340.04 | 408.59 | OK | |
r-devel-linux-x86_64-debian-gcc | 1.5.0 | 40.78 | 205.28 | 246.06 | OK | |
r-devel-linux-x86_64-fedora-clang | 1.5.0 | 693.80 | OK | |||
r-devel-linux-x86_64-fedora-gcc | 1.5.0 | 628.56 | OK | |||
r-devel-windows-x86_64 | 1.5.0 | 63.00 | 292.00 | 355.00 | OK | |
r-patched-linux-x86_64 | 1.5.0 | 73.00 | 311.03 | 384.03 | OK | |
r-release-linux-x86_64 | 1.5.0 | 63.19 | 304.90 | 368.09 | OK | |
r-release-macos-arm64 | 1.5.0 | 155.00 | OK | |||
r-release-macos-x86_64 | 1.5.0 | 341.00 | OK | |||
r-release-windows-x86_64 | 1.5.0 | 61.00 | 292.00 | 353.00 | OK | |
r-oldrel-macos-arm64 | 1.5.0 | 147.00 | NOTE | |||
r-oldrel-macos-x86_64 | 1.5.0 | 292.00 | NOTE | |||
r-oldrel-windows-x86_64 | 1.5.0 | 89.00 | 375.00 | 464.00 | NOTE |
Version: 1.5.0
Check: installed package size
Result: NOTE
installed size is 6.3Mb
sub-directories of 1Mb or more:
R 4.0Mb
help 1.2Mb
Flavors: r-oldrel-macos-arm64, r-oldrel-macos-x86_64, r-oldrel-windows-x86_64