CRAN Package Check Results for Package factset.protobuf.stach.v2

Last updated on 2025-07-27 08:48:28 CEST.

Flavor Version Tinstall Tcheck Ttotal Status Flags
r-devel-linux-x86_64-debian-clang 1.0.6 2.62 28.68 31.30 OK
r-devel-linux-x86_64-debian-gcc 1.0.6 1.97 22.57 24.54 OK
r-devel-linux-x86_64-fedora-clang 1.0.6 48.00 NOTE
r-devel-linux-x86_64-fedora-gcc 1.0.6 48.16 NOTE
r-devel-windows-x86_64 1.0.6 4.00 55.00 59.00 OK
r-patched-linux-x86_64 1.0.6 2.40 27.13 29.53 OK
r-release-linux-x86_64 1.0.6 2.39 26.87 29.26 OK
r-release-macos-arm64 1.0.6 19.00 OK
r-release-macos-x86_64 1.0.6 30.00 OK
r-release-windows-x86_64 1.0.6 3.00 47.00 50.00 OK
r-oldrel-macos-arm64 1.0.6 19.00 OK
r-oldrel-macos-x86_64 1.0.6 26.00 OK
r-oldrel-windows-x86_64 1.0.6 3.00 54.00 57.00 OK

Check Details

Version: 1.0.6
Check: dependencies in R code
Result: NOTE Namespace in Imports field not imported from: ‘R6’ All declared Imports should be used. Flavors: r-devel-linux-x86_64-fedora-clang, r-devel-linux-x86_64-fedora-gcc