Last updated on 2025-07-27 20:49:56 CEST.
Flavor | Version | Tinstall | Tcheck | Ttotal | Status | Flags |
---|---|---|---|---|---|---|
r-devel-linux-x86_64-debian-clang | 0.3.0 | 7.65 | 73.28 | 80.93 | NOTE | |
r-devel-linux-x86_64-debian-gcc | 0.3.0 | 5.35 | 52.46 | 57.81 | NOTE | |
r-devel-linux-x86_64-fedora-clang | 0.3.0 | 121.37 | OK | |||
r-devel-linux-x86_64-fedora-gcc | 0.3.0 | 118.54 | OK | |||
r-devel-windows-x86_64 | 0.3.0 | 10.00 | 82.00 | 92.00 | NOTE | |
r-patched-linux-x86_64 | 0.3.0 | 7.47 | 66.07 | 73.54 | NOTE | |
r-release-linux-x86_64 | 0.3.0 | 7.57 | 66.88 | 74.45 | NOTE | |
r-release-macos-arm64 | 0.3.0 | 39.00 | OK | |||
r-release-macos-x86_64 | 0.3.0 | 67.00 | OK | |||
r-release-windows-x86_64 | 0.3.0 | 9.00 | 83.00 | 92.00 | NOTE | |
r-oldrel-macos-arm64 | 0.3.0 | 38.00 | OK | |||
r-oldrel-macos-x86_64 | 0.3.0 | 60.00 | OK | |||
r-oldrel-windows-x86_64 | 0.3.0 | 13.00 | 103.00 | 116.00 | OK |
Version: 0.3.0
Check: Rd cross-references
Result: NOTE
Found the following Rd file(s) with Rd \link{} targets missing package
anchors:
graph2office.Rd: emf
table2office.Rd: tidy
table2spreadsheet.Rd: tidy
table2tex.Rd: tidy
Please provide package anchors for all Rd \link{} targets not in the
package itself and the base packages.
Flavors: r-devel-linux-x86_64-debian-clang, r-devel-linux-x86_64-debian-gcc, r-devel-windows-x86_64, r-patched-linux-x86_64, r-release-linux-x86_64, r-release-windows-x86_64