CRAN Package Check Results for Package etable

Last updated on 2025-07-27 08:48:27 CEST.

Flavor Version Tinstall Tcheck Ttotal Status Flags
r-devel-linux-x86_64-debian-clang 1.3.1 9.08 73.18 82.26 NOTE
r-devel-linux-x86_64-debian-gcc 1.3.1 5.46 50.38 55.84 NOTE
r-devel-linux-x86_64-fedora-clang 1.3.1 126.15 OK
r-devel-linux-x86_64-fedora-gcc 1.3.1 138.72 OK
r-devel-windows-x86_64 1.3.1 11.00 86.00 97.00 OK
r-patched-linux-x86_64 1.3.1 9.60 65.98 75.58 OK
r-release-linux-x86_64 1.3.1 9.37 66.62 75.99 OK
r-release-macos-arm64 1.3.1 68.00 OK
r-release-macos-x86_64 1.3.1 82.00 OK
r-release-windows-x86_64 1.3.1 11.00 84.00 95.00 OK
r-oldrel-macos-arm64 1.3.1 45.00 OK
r-oldrel-macos-x86_64 1.3.1 63.00 OK
r-oldrel-windows-x86_64 1.3.1 14.00 103.00 117.00 OK

Check Details

Version: 1.3.1
Check: CRAN incoming feasibility
Result: NOTE Maintainer: ‘Andreas Schulz <ades-s@web.de>’ No Authors@R field in DESCRIPTION. Please add one, modifying Authors@R: person(given = "Andreas", family = "Schulz", role = c("aut", "cre"), email = "ades-s@web.de") as necessary. Flavors: r-devel-linux-x86_64-debian-clang, r-devel-linux-x86_64-debian-gcc