Last updated on 2025-07-24 20:49:23 CEST.
Flavor | Version | Tinstall | Tcheck | Ttotal | Status | Flags |
---|---|---|---|---|---|---|
r-devel-linux-x86_64-debian-clang | 0.2.3 | 25.49 | 66.64 | 92.13 | NOTE | |
r-devel-linux-x86_64-debian-gcc | 0.2.3 | 18.34 | 51.26 | 69.60 | NOTE | |
r-devel-linux-x86_64-fedora-clang | 0.2.3 | 155.17 | NOTE | |||
r-devel-linux-x86_64-fedora-gcc | 0.2.3 | 169.44 | NOTE | |||
r-devel-windows-x86_64 | 0.2.3 | 28.00 | 115.00 | 143.00 | NOTE | |
r-patched-linux-x86_64 | 0.2.3 | 25.84 | 64.33 | 90.17 | NOTE | |
r-release-linux-x86_64 | 0.2.3 | 24.77 | 64.01 | 88.78 | NOTE | |
r-release-macos-arm64 | 0.2.3 | 81.00 | NOTE | |||
r-release-macos-x86_64 | 0.2.3 | 97.00 | NOTE | |||
r-release-windows-x86_64 | 0.2.3 | 28.00 | 115.00 | 143.00 | NOTE | |
r-oldrel-macos-arm64 | 0.2.3 | 58.00 | NOTE | |||
r-oldrel-macos-x86_64 | 0.2.3 | 78.00 | NOTE | |||
r-oldrel-windows-x86_64 | 0.2.3 | 35.00 | 135.00 | 170.00 | NOTE |
Version: 0.2.3
Check: C++ specification
Result: NOTE
Specified C++11: please drop specification unless essential
Flavors: r-devel-linux-x86_64-debian-clang, r-devel-linux-x86_64-debian-gcc, r-devel-linux-x86_64-fedora-clang, r-devel-linux-x86_64-fedora-gcc, r-devel-windows-x86_64, r-patched-linux-x86_64, r-release-linux-x86_64, r-release-macos-arm64, r-release-macos-x86_64, r-release-windows-x86_64, r-oldrel-macos-arm64, r-oldrel-macos-x86_64, r-oldrel-windows-x86_64