CRAN Package Check Results for Package doSNOW

Last updated on 2025-07-26 08:49:17 CEST.

Flavor Version Tinstall Tcheck Ttotal Status Flags
r-devel-linux-x86_64-debian-clang 1.0.20 1.82 19.91 21.73 NOTE
r-devel-linux-x86_64-debian-gcc 1.0.20 1.54 16.46 18.00 NOTE
r-devel-linux-x86_64-fedora-clang 1.0.20 34.05 OK
r-devel-linux-x86_64-fedora-gcc 1.0.20 32.58 OK
r-devel-windows-x86_64 1.0.20 4.00 47.00 51.00 OK
r-patched-linux-x86_64 1.0.20 1.58 19.01 20.59 NOTE
r-release-linux-x86_64 1.0.20 1.96 19.11 21.07 NOTE
r-release-macos-arm64 1.0.20 16.00 OK
r-release-macos-x86_64 1.0.20 27.00 OK
r-release-windows-x86_64 1.0.20 4.00 58.00 62.00 OK
r-oldrel-macos-arm64 1.0.20 16.00 OK
r-oldrel-macos-x86_64 1.0.20 21.00 OK
r-oldrel-windows-x86_64 1.0.20 4.00 48.00 52.00 OK

Check Details

Version: 1.0.20
Check: R code for possible problems
Result: NOTE Found the following calls to attach(): File ‘doSNOW/R/doSNOW.R’: attach(exportEnv) See section ‘Good practice’ in ‘?attach’. Flavors: r-devel-linux-x86_64-debian-clang, r-devel-linux-x86_64-debian-gcc, r-patched-linux-x86_64, r-release-linux-x86_64