CRAN Package Check Results for Package didimputation

Last updated on 2025-07-26 08:49:16 CEST.

Flavor Version Tinstall Tcheck Ttotal Status Flags
r-devel-linux-x86_64-debian-clang 0.3.0 26.21 76.40 102.61 NOTE
r-devel-linux-x86_64-debian-gcc 0.3.0 18.70 56.15 74.85 NOTE
r-devel-linux-x86_64-fedora-clang 0.3.0 168.58 NOTE
r-devel-linux-x86_64-fedora-gcc 0.3.0 155.19 NOTE
r-devel-windows-x86_64 0.3.0 37.00 102.00 139.00 NOTE
r-patched-linux-x86_64 0.3.0 24.66 69.58 94.24 NOTE
r-release-linux-x86_64 0.3.0 27.22 69.60 96.82 NOTE
r-release-macos-arm64 0.3.0 51.00 NOTE
r-release-macos-x86_64 0.3.0 104.00 NOTE
r-release-windows-x86_64 0.3.0 36.00 100.00 136.00 NOTE
r-oldrel-macos-arm64 0.3.0 40.00 NOTE
r-oldrel-macos-x86_64 0.3.0 80.00 NOTE
r-oldrel-windows-x86_64 0.3.0 43.00 130.00 173.00 NOTE

Check Details

Version: 0.3.0
Check: CRAN incoming feasibility
Result: NOTE Maintainer: ‘Kyle Butts <kyle.butts@colorado.edu>’ Package CITATION file contains call(s) to old-style citEntry(). Please use bibentry() instead. Flavors: r-devel-linux-x86_64-debian-clang, r-devel-linux-x86_64-debian-gcc

Version: 0.3.0
Check: C++ specification
Result: NOTE Specified C++11: please drop specification unless essential Flavors: r-devel-linux-x86_64-debian-clang, r-devel-linux-x86_64-debian-gcc, r-devel-linux-x86_64-fedora-clang, r-devel-linux-x86_64-fedora-gcc, r-devel-windows-x86_64, r-patched-linux-x86_64, r-release-linux-x86_64, r-release-macos-arm64, r-release-macos-x86_64, r-release-windows-x86_64, r-oldrel-macos-arm64, r-oldrel-macos-x86_64, r-oldrel-windows-x86_64

Version: 0.3.0
Check: Rd files
Result: NOTE checkRd: (-1) did_imputation.Rd:74: Lost braces; missing escapes or markup? 74 | form average treatment effects for groups of {it}. | ^ Flavors: r-devel-linux-x86_64-debian-clang, r-devel-linux-x86_64-debian-gcc, r-devel-linux-x86_64-fedora-clang, r-devel-linux-x86_64-fedora-gcc, r-devel-windows-x86_64, r-patched-linux-x86_64, r-release-linux-x86_64, r-release-macos-arm64, r-release-macos-x86_64, r-release-windows-x86_64, r-oldrel-macos-arm64, r-oldrel-macos-x86_64, r-oldrel-windows-x86_64