Last updated on 2025-07-27 20:49:55 CEST.
Flavor | Version | Tinstall | Tcheck | Ttotal | Status | Flags |
---|---|---|---|---|---|---|
r-devel-linux-x86_64-debian-clang | 1.4.0 | 8.40 | 95.69 | 104.09 | NOTE | |
r-devel-linux-x86_64-debian-gcc | 1.4.0 | 4.91 | 65.81 | 70.72 | NOTE | |
r-devel-linux-x86_64-fedora-clang | 1.4.0 | 157.60 | OK | |||
r-devel-linux-x86_64-fedora-gcc | 1.4.0 | 163.28 | OK | |||
r-devel-windows-x86_64 | 1.4.0 | 10.00 | 125.00 | 135.00 | OK | |
r-patched-linux-x86_64 | 1.4.0 | 8.81 | 86.77 | 95.58 | OK | |
r-release-linux-x86_64 | 1.4.0 | 6.83 | 85.33 | 92.16 | OK | |
r-release-macos-arm64 | 1.4.0 | 55.00 | OK | |||
r-release-macos-x86_64 | 1.4.0 | 92.00 | OK | |||
r-release-windows-x86_64 | 1.4.0 | 10.00 | 123.00 | 133.00 | OK | |
r-oldrel-macos-arm64 | 1.4.0 | 59.00 | OK | |||
r-oldrel-macos-x86_64 | 1.4.0 | 117.00 | OK | |||
r-oldrel-windows-x86_64 | 1.4.0 | 15.00 | 150.00 | 165.00 | OK |
Version: 1.4.0
Check: DESCRIPTION meta-information
Result: NOTE
Author field differs from that derived from Authors@R
Author: ‘Max Kuhn [aut], Hannah Frick [aut, cre], Posit Software, PBC [cph, fnd] (03wc8by49)’
Authors@R: ‘Max Kuhn [aut], Hannah Frick [aut, cre], Posit Software, PBC [cph, fnd] (ROR: <https://ror.org/03wc8by49>)’
Flavors: r-devel-linux-x86_64-debian-clang, r-devel-linux-x86_64-debian-gcc