CRAN Package Check Results for Package dcov

Last updated on 2025-07-27 08:48:26 CEST.

Flavor Version Tinstall Tcheck Ttotal Status Flags
r-devel-linux-x86_64-debian-clang 0.1.1 93.04 23.96 117.00 NOTE
r-devel-linux-x86_64-debian-gcc 0.1.1 59.89 19.32 79.21 NOTE
r-devel-linux-x86_64-fedora-clang 0.1.1 232.16 OK
r-devel-linux-x86_64-fedora-gcc 0.1.1 185.95 OK
r-devel-windows-x86_64 0.1.1 102.00 68.00 170.00 OK
r-patched-linux-x86_64 0.1.1 86.12 22.60 108.72 OK
r-release-linux-x86_64 0.1.1 89.28 22.87 112.15 OK
r-release-macos-arm64 0.1.1 53.00 OK
r-release-macos-x86_64 0.1.1 65.00 OK
r-release-windows-x86_64 0.1.1 99.00 62.00 161.00 OK
r-oldrel-macos-arm64 0.1.1 44.00 NOTE
r-oldrel-macos-x86_64 0.1.1 48.00 NOTE
r-oldrel-windows-x86_64 0.1.1 118.00 74.00 192.00 NOTE

Check Details

Version: 0.1.1
Check: CRAN incoming feasibility
Result: NOTE Maintainer: ‘Hang Weiqiang <e0010758@u.nus.edu>’ No Authors@R field in DESCRIPTION. Please add one, modifying Authors@R: person(given = "Hang", family = "Weiqiang", role = c("aut", "cre"), email = "e0010758@u.nus.edu") as necessary. Flavors: r-devel-linux-x86_64-debian-clang, r-devel-linux-x86_64-debian-gcc

Version: 0.1.1
Check: LazyData
Result: NOTE 'LazyData' is specified without a 'data' directory Flavors: r-oldrel-macos-arm64, r-oldrel-macos-x86_64, r-oldrel-windows-x86_64