CRAN Package Check Results for Package csci

Last updated on 2025-07-27 08:48:25 CEST.

Flavor Version Tinstall Tcheck Ttotal Status Flags
r-devel-linux-x86_64-debian-clang 0.9.3 3.49 28.46 31.95 NOTE
r-devel-linux-x86_64-debian-gcc 0.9.3 2.78 22.07 24.85 NOTE
r-devel-linux-x86_64-fedora-clang 0.9.3 44.61 OK
r-devel-linux-x86_64-fedora-gcc 0.9.3 44.71 OK
r-devel-windows-x86_64 0.9.3 5.00 55.00 60.00 OK
r-patched-linux-x86_64 0.9.3 3.58 26.19 29.77 OK
r-release-linux-x86_64 0.9.3 3.03 26.80 29.83 OK
r-release-macos-arm64 0.9.3 23.00 OK
r-release-macos-x86_64 0.9.3 39.00 OK
r-release-windows-x86_64 0.9.3 5.00 48.00 53.00 OK
r-oldrel-macos-arm64 0.9.3 19.00 OK
r-oldrel-macos-x86_64 0.9.3 27.00 OK
r-oldrel-windows-x86_64 0.9.3 6.00 54.00 60.00 OK

Check Details

Version: 0.9.3
Check: CRAN incoming feasibility
Result: NOTE Maintainer: ‘Michael P. Fay <mfay@niaid.nih.gov>’ No Authors@R field in DESCRIPTION. Please add one, modifying Authors@R: c(person(given = "Sungwook", family = "Kim", role = "aut"), person(given = c("Michael", "P."), family = "Fay", role = "cre", email = "mfay@niaid.nih.gov")) as necessary. Flavors: r-devel-linux-x86_64-debian-clang, r-devel-linux-x86_64-debian-gcc