CRAN Package Check Results for Package covafillr

Last updated on 2025-07-27 08:48:25 CEST.

Flavor Version Tinstall Tcheck Ttotal Status Flags
r-devel-linux-x86_64-debian-clang 0.4.4 22.17 29.57 51.74 OK
r-devel-linux-x86_64-debian-gcc 0.4.4 22.08 25.67 47.75 OK
r-devel-linux-x86_64-fedora-clang 0.4.4 78.48 OK
r-devel-linux-x86_64-fedora-gcc 0.4.4 90.54 OK
r-devel-windows-x86_64 0.4.4 36.00 64.00 100.00 OK
r-patched-linux-x86_64 0.4.4 31.44 29.08 60.52 OK
r-release-linux-x86_64 0.4.4 29.42 29.31 58.73 OK
r-release-macos-arm64 0.4.4 36.00 OK
r-release-macos-x86_64 0.4.4 55.00 OK
r-release-windows-x86_64 0.4.4 34.00 57.00 91.00 OK
r-oldrel-macos-arm64 0.4.4 28.00 NOTE
r-oldrel-macos-x86_64 0.4.4 44.00 NOTE
r-oldrel-windows-x86_64 0.4.4 42.00 64.00 106.00 NOTE

Check Details

Version: 0.4.4
Check: installed package size
Result: NOTE installed size is 13.5Mb sub-directories of 1Mb or more: libs 13.0Mb Flavors: r-oldrel-macos-arm64, r-oldrel-macos-x86_64

Version: 0.4.4
Check: LazyData
Result: NOTE 'LazyData' is specified without a 'data' directory Flavors: r-oldrel-macos-arm64, r-oldrel-macos-x86_64, r-oldrel-windows-x86_64