CRAN Package Check Results for Package clinDR

Last updated on 2025-07-26 19:49:48 CEST.

Flavor Version Tinstall Tcheck Ttotal Status Flags
r-devel-linux-x86_64-debian-clang 2.4.1 26.56 153.38 179.94 NOTE
r-devel-linux-x86_64-debian-gcc 2.4.1 22.15 106.63 128.78 NOTE
r-devel-linux-x86_64-fedora-clang 2.4.1 279.21 OK
r-devel-linux-x86_64-fedora-gcc 2.4.1 271.43 OK
r-devel-windows-x86_64 2.4.1 22.00 173.00 195.00 NOTE
r-patched-linux-x86_64 2.4.1 31.08 146.30 177.38 NOTE
r-release-linux-x86_64 2.4.1 28.48 145.04 173.52 NOTE
r-release-macos-arm64 2.4.1 60.00 OK
r-release-macos-x86_64 2.4.1 119.00 OK
r-release-windows-x86_64 2.4.1 24.00 156.00 180.00 NOTE
r-oldrel-macos-arm64 2.4.1 59.00 OK
r-oldrel-macos-x86_64 2.4.1 94.00 OK
r-oldrel-windows-x86_64 2.4.1 32.00 193.00 225.00 OK

Check Details

Version: 2.4.1
Check: Rd cross-references
Result: NOTE Found the following Rd file(s) with Rd \link{} targets missing package anchors: clinDR-package.Rd: DoseFinding emaxsim.Rd: Mods emaxsimB.Rd: Mods fitEmaxB.Rd: rstan Please provide package anchors for all Rd \link{} targets not in the package itself and the base packages. Flavors: r-devel-linux-x86_64-debian-clang, r-devel-linux-x86_64-debian-gcc, r-devel-windows-x86_64, r-patched-linux-x86_64, r-release-linux-x86_64, r-release-windows-x86_64