Last updated on 2025-07-27 08:48:24 CEST.
Flavor | Version | Tinstall | Tcheck | Ttotal | Status | Flags |
---|---|---|---|---|---|---|
r-devel-linux-x86_64-debian-clang | 0.1.4 | 22.87 | 198.44 | 221.31 | NOTE | |
r-devel-linux-x86_64-debian-gcc | 0.1.4 | 12.07 | 123.81 | 135.88 | NOTE | |
r-devel-linux-x86_64-fedora-clang | 0.1.4 | 365.58 | OK | |||
r-devel-linux-x86_64-fedora-gcc | 0.1.4 | 355.43 | OK | |||
r-devel-windows-x86_64 | 0.1.4 | 19.00 | 167.00 | 186.00 | OK | |
r-patched-linux-x86_64 | 0.1.4 | 20.54 | 189.76 | 210.30 | OK | |
r-release-linux-x86_64 | 0.1.4 | 21.45 | 188.14 | 209.59 | OK | |
r-release-macos-arm64 | 0.1.4 | 82.00 | OK | |||
r-release-macos-x86_64 | 0.1.4 | 164.00 | OK | |||
r-release-windows-x86_64 | 0.1.4 | 19.00 | 153.00 | 172.00 | OK | |
r-oldrel-macos-arm64 | 0.1.4 | 74.00 | OK | |||
r-oldrel-macos-x86_64 | 0.1.4 | 120.00 | OK | |||
r-oldrel-windows-x86_64 | 0.1.4 | 28.00 | 220.00 | 248.00 | OK |
Version: 0.1.4
Check: CRAN incoming feasibility
Result: NOTE
Maintainer: ‘Hannah Owens <hannah.owens@gmail.com>’
Package CITATION file contains call(s) to old-style citEntry(). Please
use bibentry() instead.
Flavors: r-devel-linux-x86_64-debian-clang, r-devel-linux-x86_64-debian-gcc