Last updated on 2025-07-26 08:49:14 CEST.
Flavor | Version | Tinstall | Tcheck | Ttotal | Status | Flags |
---|---|---|---|---|---|---|
r-devel-linux-x86_64-debian-clang | 1.3.4 | 15.89 | 115.95 | 131.84 | OK | |
r-devel-linux-x86_64-debian-gcc | 1.3.4 | 10.66 | 82.26 | 92.92 | OK | |
r-devel-linux-x86_64-fedora-clang | 1.3.4 | 216.92 | OK | |||
r-devel-linux-x86_64-fedora-gcc | 1.3.4 | 205.50 | OK | |||
r-devel-windows-x86_64 | 1.3.4 | 18.00 | 133.00 | 151.00 | OK | |
r-patched-linux-x86_64 | 1.3.3 | 14.70 | 108.17 | 122.87 | NOTE | |
r-release-linux-x86_64 | 1.3.3 | 14.57 | 107.83 | 122.40 | NOTE | |
r-release-macos-arm64 | 1.3.3 | 61.00 | OK | |||
r-release-macos-x86_64 | 1.3.4 | 144.00 | OK | |||
r-release-windows-x86_64 | 1.3.4 | 17.00 | 132.00 | 149.00 | OK | |
r-oldrel-macos-arm64 | 1.3.3 | 50.00 | OK | |||
r-oldrel-macos-x86_64 | 1.3.4 | 141.00 | OK | |||
r-oldrel-windows-x86_64 | 1.3.4 | 22.00 | 161.00 | 183.00 | OK |
Version: 1.3.3
Check: Rd cross-references
Result: NOTE
Found the following Rd file(s) with Rd \link{} targets missing package
anchors:
fitMarkovChain.Rd: Rsolnp
frequencies.Rd: transactions
Please provide package anchors for all Rd \link{} targets not in the
package itself and the base packages.
Flavors: r-patched-linux-x86_64, r-release-linux-x86_64