CRAN Package Check Results for Package changepointsVar

Last updated on 2025-07-27 08:48:24 CEST.

Flavor Version Tinstall Tcheck Ttotal Status Flags
r-devel-linux-x86_64-debian-clang 0.1.1 2.10 22.84 24.94 NOTE
r-devel-linux-x86_64-debian-gcc 0.1.2 1.73 19.04 20.77 OK
r-devel-linux-x86_64-fedora-clang 0.1.1 38.45 OK
r-devel-linux-x86_64-fedora-gcc 0.1.2 36.73 OK
r-devel-windows-x86_64 0.1.2 4.00 52.00 56.00 OK
r-patched-linux-x86_64 0.1.1 2.11 21.84 23.95 NOTE
r-release-linux-x86_64 0.1.2 2.06 22.00 24.06 OK
r-release-macos-arm64 0.1.1 20.00 OK
r-release-macos-x86_64 0.1.2 47.00 OK
r-release-windows-x86_64 0.1.2 5.00 64.00 69.00 OK
r-oldrel-macos-arm64 0.1.1 27.00 OK
r-oldrel-macos-x86_64 0.1.2 49.00 OK
r-oldrel-windows-x86_64 0.1.1 3.00 54.00 57.00 OK

Check Details

Version: 0.1.1
Check: Rd cross-references
Result: NOTE Found the following Rd file(s) with Rd \link{} targets missing package anchors: changepointsVar-package.Rd: lars jumpointsVar.Rd: lars Please provide package anchors for all Rd \link{} targets not in the package itself and the base packages. Flavors: r-devel-linux-x86_64-debian-clang, r-patched-linux-x86_64