Last updated on 2025-07-26 19:49:47 CEST.
Flavor | Version | Tinstall | Tcheck | Ttotal | Status | Flags |
---|---|---|---|---|---|---|
r-devel-linux-x86_64-debian-clang | 2.0.2 | 478.72 | 398.24 | 876.96 | OK | |
r-devel-linux-x86_64-debian-gcc | 2.0.2 | 346.20 | 226.50 | 572.70 | OK | |
r-devel-linux-x86_64-fedora-clang | 2.0.2 | 1605.78 | OK | |||
r-devel-linux-x86_64-fedora-gcc | 2.0.2 | 1450.09 | OK | |||
r-devel-windows-x86_64 | 2.0.2 | 505.00 | 478.00 | 983.00 | OK | |
r-patched-linux-x86_64 | 2.0.2 | 495.93 | 316.99 | 812.92 | OK | |
r-release-linux-x86_64 | 2.0.2 | 497.64 | 317.61 | 815.25 | OK | |
r-release-macos-arm64 | 2.0.2 | 376.00 | OK | |||
r-release-macos-x86_64 | 2.0.2 | 380.00 | OK | |||
r-release-windows-x86_64 | 2.0.2 | 517.00 | 417.00 | 934.00 | OK | |
r-oldrel-macos-arm64 | 2.0.2 | 320.00 | NOTE | |||
r-oldrel-macos-x86_64 | 2.0.2 | 386.00 | NOTE | |||
r-oldrel-windows-x86_64 | 2.0.2 | 623.00 | 540.00 | 1163.00 | NOTE |
Version: 2.0.2
Check: installed package size
Result: NOTE
installed size is 31.9Mb
sub-directories of 1Mb or more:
data 1.1Mb
doc 2.8Mb
libs 27.4Mb
Flavors: r-oldrel-macos-arm64, r-oldrel-macos-x86_64, r-oldrel-windows-x86_64