CRAN Package Check Results for Package boostmath

Last updated on 2025-07-27 20:49:53 CEST.

Flavor Version Tinstall Tcheck Ttotal Status Flags
r-devel-linux-x86_64-debian-gcc 1.0.0 178.68 42.30 220.98 OK
r-devel-linux-x86_64-fedora-gcc 1.0.0 612.01 OK
r-devel-windows-x86_64 1.0.0 222.00 153.00 375.00 OK
r-release-linux-x86_64 1.0.0 246.33 51.99 298.32 OK
r-release-macos-x86_64 1.0.0 261.00 OK
r-release-windows-x86_64 1.0.0 196.00 150.00 346.00 OK
r-oldrel-macos-x86_64 1.0.0 224.00 NOTE

Additional issues

gcc-ASAN LTO

Check Details

Version: 1.0.0
Check: installed package size
Result: NOTE installed size is 38.9Mb sub-directories of 1Mb or more: libs 38.3Mb Flavor: r-oldrel-macos-x86_64