CRAN Package Check Results for Package bnns

Last updated on 2025-07-26 08:49:13 CEST.

Flavor Version Tinstall Tcheck Ttotal Status Flags
r-devel-linux-x86_64-debian-clang 0.1.2 1.77 705.63 707.40 NOTE
r-devel-linux-x86_64-debian-gcc 0.1.2 2.19 686.85 689.04 NOTE
r-devel-linux-x86_64-fedora-clang 0.1.2 863.63 NOTE
r-devel-linux-x86_64-fedora-gcc 0.1.2 1297.38 NOTE
r-devel-windows-x86_64 0.1.2 4.00 1238.00 1242.00 NOTE
r-patched-linux-x86_64 0.1.2 1.91 883.01 884.92 NOTE
r-release-linux-x86_64 0.1.2 2.48 846.29 848.77 NOTE
r-release-macos-arm64 0.1.2 295.00 NOTE
r-release-macos-x86_64 0.1.2 747.00 NOTE
r-release-windows-x86_64 0.1.2 4.00 1209.00 1213.00 NOTE
r-oldrel-macos-arm64 0.1.2 245.00 OK
r-oldrel-macos-x86_64 0.1.2 340.00 OK
r-oldrel-windows-x86_64 0.1.2 5.00 756.00 761.00 OK

Check Details

Version: 0.1.2
Check: DESCRIPTION meta-information
Result: NOTE Missing dependency on R >= 4.2.0 because package code uses the pipe placeholder syntax added in R 4.2.0. File(s) using such syntax: ‘bnns.R’ Flavors: r-devel-linux-x86_64-debian-clang, r-devel-linux-x86_64-debian-gcc, r-devel-linux-x86_64-fedora-clang, r-devel-linux-x86_64-fedora-gcc, r-devel-windows-x86_64, r-patched-linux-x86_64, r-release-linux-x86_64, r-release-macos-arm64, r-release-windows-x86_64

Version: 0.1.2
Check: dependencies in R code
Result: NOTE Namespaces in Imports field not imported from: ‘BH’ ‘RcppEigen’ All declared Imports should be used. Flavors: r-devel-linux-x86_64-fedora-clang, r-devel-linux-x86_64-fedora-gcc

Version: 0.1.2
Check: DESCRIPTION meta-information
Result: NOTE Missing dependency on R >= 4.1.0 because package code uses the pipe |> or function shorthand \(...) syntax added in R 4.1.0. File(s) using such syntax: ‘bnns.R’ ‘measure.R’ Flavor: r-release-macos-x86_64