Last updated on 2025-07-27 08:48:23 CEST.
Flavor | Version | Tinstall | Tcheck | Ttotal | Status | Flags |
---|---|---|---|---|---|---|
r-devel-linux-x86_64-debian-clang | 1.1.9 | 17.52 | 31.85 | 49.37 | NOTE | |
r-devel-linux-x86_64-debian-gcc | 1.1.9 | 16.12 | 24.96 | 41.08 | NOTE | |
r-devel-linux-x86_64-fedora-clang | 1.1.9 | 75.71 | OK | |||
r-devel-linux-x86_64-fedora-gcc | 1.1.9 | 84.29 | OK | |||
r-devel-windows-x86_64 | 1.1.9 | 34.00 | 74.00 | 108.00 | OK | |
r-patched-linux-x86_64 | 1.1.9 | 20.25 | 30.80 | 51.05 | OK | |
r-release-linux-x86_64 | 1.1.9 | 19.32 | 30.22 | 49.54 | OK | |
r-release-macos-arm64 | 1.1.9 | 46.00 | OK | |||
r-release-macos-x86_64 | 1.1.9 | 54.00 | OK | |||
r-release-windows-x86_64 | 1.1.9 | 30.00 | 68.00 | 98.00 | OK | |
r-oldrel-macos-arm64 | 1.1.9 | 28.00 | OK | |||
r-oldrel-macos-x86_64 | 1.1.9 | 44.00 | OK | |||
r-oldrel-windows-x86_64 | 1.1.9 | 36.00 | 82.00 | 118.00 | OK |
Version: 1.1.9
Check: CRAN incoming feasibility
Result: NOTE
Maintainer: ‘Michael J. Kane <bigmemoryauthors@gmail.com>’
No Authors@R field in DESCRIPTION.
Please add one, modifying
Authors@R: c(person(given = c("Michael", "J."),
family = "Kane",
role = c("aut", "cre"),
email = "kaneplusplus@gmail.com"),
person(given = c("John", "W."),
family = "Emerson",
role = "aut",
email = "jayemerson@gmail.com"))
as necessary.
Flavors: r-devel-linux-x86_64-debian-clang, r-devel-linux-x86_64-debian-gcc