Last updated on 2025-07-26 08:49:13 CEST.
Flavor | Version | Tinstall | Tcheck | Ttotal | Status | Flags |
---|---|---|---|---|---|---|
r-devel-linux-x86_64-debian-clang | 1.0.1 | 54.15 | 28.83 | 82.98 | NOTE | |
r-devel-linux-x86_64-debian-gcc | 1.0.1 | 36.62 | 22.97 | 59.59 | NOTE | |
r-devel-linux-x86_64-fedora-clang | 1.0.1 | 145.15 | OK | |||
r-devel-linux-x86_64-fedora-gcc | 1.0.1 | 137.74 | OK | |||
r-devel-windows-x86_64 | 1.0.1 | 58.00 | 70.00 | 128.00 | OK | |
r-patched-linux-x86_64 | 1.0.1 | 50.67 | 27.09 | 77.76 | OK | |
r-release-linux-x86_64 | 1.0.1 | 53.29 | 27.35 | 80.64 | OK | |
r-release-macos-arm64 | 1.0.1 | 42.00 | OK | |||
r-release-macos-x86_64 | 1.0.1 | 56.00 | OK | |||
r-release-windows-x86_64 | 1.0.1 | 60.00 | 93.00 | 153.00 | OK | |
r-oldrel-macos-arm64 | 1.0.1 | 39.00 | OK | |||
r-oldrel-macos-x86_64 | 1.0.1 | 53.00 | OK | |||
r-oldrel-windows-x86_64 | 1.0.1 | 69.00 | 80.00 | 149.00 | OK |
Version: 1.0.1
Check: CRAN incoming feasibility
Result: NOTE
Maintainer: ‘Haiming Zhou <haiming2019@gmail.com>’
Package CITATION file contains call(s) to old-style personList() or
as.personList(). Please use c() on person objects instead.
Package CITATION file contains call(s) to old-style citEntry(). Please
use bibentry() instead.
Flavors: r-devel-linux-x86_64-debian-clang, r-devel-linux-x86_64-debian-gcc