CRAN Package Check Results for Package backShift

Last updated on 2025-07-27 20:49:52 CEST.

Flavor Version Tinstall Tcheck Ttotal Status Flags
r-devel-linux-x86_64-debian-clang 0.1.4.3 7.75 128.82 136.57 NOTE
r-devel-linux-x86_64-debian-gcc 0.1.4.3 5.91 81.86 87.77 NOTE
r-devel-linux-x86_64-fedora-clang 0.1.4.3 213.31 OK
r-devel-linux-x86_64-fedora-gcc 0.1.4.3 237.81 OK
r-devel-windows-x86_64 0.1.4.3 13.00 141.00 154.00 OK
r-patched-linux-x86_64 0.1.4.3 8.37 120.34 128.71 OK
r-release-linux-x86_64 0.1.4.3 7.23 121.12 128.35 OK
r-release-macos-arm64 0.1.4.3 74.00 OK
r-release-macos-x86_64 0.1.4.3 136.00 OK
r-release-windows-x86_64 0.1.4.3 13.00 134.00 147.00 OK
r-oldrel-macos-arm64 0.1.4.3 67.00 OK
r-oldrel-macos-x86_64 0.1.4.3 95.00 OK
r-oldrel-windows-x86_64 0.1.4.3 15.00 166.00 181.00 OK

Check Details

Version: 0.1.4.3
Check: CRAN incoming feasibility
Result: NOTE Maintainer: ‘Christina Heinze-Deml <heinzedeml@stat.math.ethz.ch>’ No Authors@R field in DESCRIPTION. Please add one, modifying Authors@R: person(given = "Christina", family = "Heinze-Deml", role = c("aut", "cre"), email = "heinzedeml@stat.math.ethz.ch") as necessary. The Description field contains more details, see <arXiv:1506.02494>. Please refer to arXiv e-prints via their arXiv DOI <doi:10.48550/arXiv.YYMM.NNNNN>. Flavors: r-devel-linux-x86_64-debian-clang, r-devel-linux-x86_64-debian-gcc