Last updated on 2025-07-27 08:48:23 CEST.
Flavor | Version | Tinstall | Tcheck | Ttotal | Status | Flags |
---|---|---|---|---|---|---|
r-devel-linux-x86_64-debian-clang | 0.1.4 | 1.86 | 21.85 | 23.71 | NOTE | |
r-devel-linux-x86_64-debian-gcc | 0.1.4 | 1.50 | 18.32 | 19.82 | NOTE | |
r-devel-linux-x86_64-fedora-clang | 0.1.4 | 34.36 | OK | |||
r-devel-linux-x86_64-fedora-gcc | 0.1.4 | 33.23 | OK | |||
r-devel-windows-x86_64 | 0.1.4 | 5.00 | 65.00 | 70.00 | OK | |
r-patched-linux-x86_64 | 0.1.4 | 1.86 | 19.67 | 21.53 | OK | |
r-release-linux-x86_64 | 0.1.4 | 1.87 | 19.76 | 21.63 | OK | |
r-release-macos-arm64 | 0.1.4 | 29.00 | OK | |||
r-release-macos-x86_64 | 0.1.4 | 29.00 | OK | |||
r-release-windows-x86_64 | 0.1.4 | 5.00 | 60.00 | 65.00 | OK | |
r-oldrel-macos-arm64 | 0.1.4 | 21.00 | OK | |||
r-oldrel-macos-x86_64 | 0.1.4 | 25.00 | OK | |||
r-oldrel-windows-x86_64 | 0.1.4 | 6.00 | 62.00 | 68.00 | OK |
Version: 0.1.4
Check: CRAN incoming feasibility
Result: NOTE
Maintainer: ‘Antoine Sachet <antoine.sac@gmail.com>’
Package CITATION file contains call(s) to old-style personList() or
as.personList(). Please use c() on person objects instead.
Package CITATION file contains call(s) to old-style citEntry(). Please
use bibentry() instead.
Flavors: r-devel-linux-x86_64-debian-clang, r-devel-linux-x86_64-debian-gcc