CRAN Package Check Results for Package approxmatch

Last updated on 2025-07-27 08:48:22 CEST.

Flavor Version Tinstall Tcheck Ttotal Status Flags
r-devel-linux-x86_64-debian-clang 2.0 2.37 25.61 27.98 NOTE
r-devel-linux-x86_64-debian-gcc 2.0 1.83 19.99 21.82 NOTE
r-devel-linux-x86_64-fedora-clang 2.0 42.27 OK
r-devel-linux-x86_64-fedora-gcc 2.0 40.79 OK
r-devel-windows-x86_64 2.0 4.00 57.00 61.00 OK
r-patched-linux-x86_64 2.0 2.32 24.00 26.32 OK
r-release-linux-x86_64 2.0 2.05 24.43 26.48 OK
r-release-macos-arm64 2.0 16.00 OK
r-release-macos-x86_64 2.0 33.00 OK
r-release-windows-x86_64 2.0 3.00 51.00 54.00 OK
r-oldrel-macos-arm64 2.0 26.00 OK
r-oldrel-macos-x86_64 2.0 48.00 OK
r-oldrel-windows-x86_64 2.0 4.00 56.00 60.00 OK

Check Details

Version: 2.0
Check: CRAN incoming feasibility
Result: NOTE Maintainer: ‘Bikram Karmakar <bkarmakar@ufl.edu>’ No Authors@R field in DESCRIPTION. Please add one, modifying Authors@R: person(given = "Bikram", family = "Karmakar", role = c("aut", "cre"), email = "bkarmakar@ufl.edu") as necessary. Flavors: r-devel-linux-x86_64-debian-clang, r-devel-linux-x86_64-debian-gcc