Last updated on 2025-07-27 08:48:22 CEST.
Flavor | Version | Tinstall | Tcheck | Ttotal | Status | Flags |
---|---|---|---|---|---|---|
r-devel-linux-x86_64-debian-clang | 2.5.4 | 5.08 | 31.88 | 36.96 | NOTE | |
r-devel-linux-x86_64-debian-gcc | 2.5.4 | 3.16 | 23.91 | 27.07 | NOTE | |
r-devel-linux-x86_64-fedora-clang | 2.5.4 | 56.82 | OK | |||
r-devel-linux-x86_64-fedora-gcc | 2.5.5 | 58.40 | OK | |||
r-devel-windows-x86_64 | 2.5.5 | 8.00 | 62.00 | 70.00 | OK | |
r-patched-linux-x86_64 | 2.5.4 | 5.76 | 30.57 | 36.33 | NOTE | |
r-release-linux-x86_64 | 2.5.4 | 4.77 | 30.35 | 35.12 | NOTE | |
r-release-macos-arm64 | 2.5.4 | 22.00 | OK | |||
r-release-macos-x86_64 | 2.5.5 | 37.00 | OK | |||
r-release-windows-x86_64 | 2.5.4 | 7.00 | 58.00 | 65.00 | NOTE | |
r-oldrel-macos-arm64 | 2.5.4 | 19.00 | OK | |||
r-oldrel-macos-x86_64 | 2.5.5 | 39.00 | OK | |||
r-oldrel-windows-x86_64 | 2.5.4 | 6.00 | 50.00 | 56.00 | OK |
Version: 2.5.4
Check: CRAN incoming feasibility
Result: NOTE
Maintainer: ‘Todd Cross <todd.cross@gmail.com>’
No Authors@R field in DESCRIPTION.
Please add one, modifying
Authors@R: c(person(given = "Paul",
family = "Galpern",
role = "aut",
email = "pgalpern@gmail.com"),
person(given = "Todd",
family = "Cross",
role = "cre",
email = "todd.cross@gmail.com"))
as necessary.
Flavors: r-devel-linux-x86_64-debian-clang, r-devel-linux-x86_64-debian-gcc
Version: 2.5.4
Check: Rd cross-references
Result: NOTE
Found the following Rd file(s) with Rd \link{} targets missing package
anchors:
amCluster.Rd: dynamicTreeCut, cutreeHybrid
Please provide package anchors for all Rd \link{} targets not in the
package itself and the base packages.
Flavors: r-devel-linux-x86_64-debian-clang, r-devel-linux-x86_64-debian-gcc, r-patched-linux-x86_64, r-release-linux-x86_64, r-release-windows-x86_64