Last updated on 2025-07-25 20:49:22 CEST.
Flavor | Version | Tinstall | Tcheck | Ttotal | Status | Flags |
---|---|---|---|---|---|---|
r-devel-linux-x86_64-debian-clang | 1.0.1 | 988.27 | 66.12 | 1054.39 | OK | |
r-devel-linux-x86_64-debian-gcc | 1.0.1 | 312.16 | 52.60 | 364.76 | OK | |
r-devel-linux-x86_64-fedora-clang | 1.0.1 | 867.37 | NOTE | |||
r-devel-linux-x86_64-fedora-gcc | 1.0.1 | 787.79 | NOTE | |||
r-devel-windows-x86_64 | 1.0.1 | 322.00 | 133.00 | 455.00 | OK | |
r-patched-linux-x86_64 | 1.0.1 | 419.13 | 63.80 | 482.93 | OK | |
r-release-linux-x86_64 | 1.0.1 | 426.10 | 64.27 | 490.37 | OK | |
r-release-macos-arm64 | 1.0.1 | 224.00 | OK | |||
r-release-macos-x86_64 | 1.0.1 | 432.00 | OK | |||
r-release-windows-x86_64 | 1.0.1 | 314.00 | 125.00 | 439.00 | OK | |
r-oldrel-macos-arm64 | 1.0.1 | 226.00 | NOTE | |||
r-oldrel-macos-x86_64 | 1.0.1 | 398.00 | NOTE | |||
r-oldrel-windows-x86_64 | 1.0.1 | 443.00 | 154.00 | 597.00 | OK |
Version: 1.0.1
Check: dependencies in R code
Result: NOTE
Namespaces in Imports field not imported from:
‘lefko3’ ‘rlang’
All declared Imports should be used.
Flavors: r-devel-linux-x86_64-fedora-clang, r-devel-linux-x86_64-fedora-gcc
Version: 1.0.1
Check: installed package size
Result: NOTE
installed size is 39.4Mb
sub-directories of 1Mb or more:
libs 38.3Mb
Flavors: r-oldrel-macos-arm64, r-oldrel-macos-x86_64