CRAN Package Check Results for Package VBJM

Last updated on 2025-07-27 20:50:16 CEST.

Flavor Version Tinstall Tcheck Ttotal Status Flags
r-devel-linux-x86_64-debian-clang 0.1.0 61.76 54.94 116.70 NOTE
r-devel-linux-x86_64-debian-gcc 0.1.0 47.23 41.96 89.19 NOTE
r-devel-linux-x86_64-fedora-clang 0.1.0 186.10 OK
r-devel-linux-x86_64-fedora-gcc 0.1.0 204.19 OK
r-devel-windows-x86_64 0.1.0 63.00 95.00 158.00 OK
r-patched-linux-x86_64 0.1.0 62.26 52.93 115.19 OK
r-release-linux-x86_64 0.1.0 62.33 52.85 115.18 OK
r-release-macos-arm64 0.1.0 55.00 OK
r-release-macos-x86_64 0.1.0 113.00 OK
r-release-windows-x86_64 0.1.0 61.00 94.00 155.00 OK
r-oldrel-macos-arm64 0.1.0 50.00 NOTE
r-oldrel-macos-x86_64 0.1.0 83.00 NOTE
r-oldrel-windows-x86_64 0.1.0 75.00 106.00 181.00 OK

Check Details

Version: 0.1.0
Check: CRAN incoming feasibility
Result: NOTE Maintainer: ‘Jiehuan Sun <jiehuan.sun@gmail.com>’ No Authors@R field in DESCRIPTION. Please add one, modifying Authors@R: person(given = "Jiehuan", family = "Sun", role = c("aut", "cre"), email = "jiehuan.sun@gmail.com") as necessary. Flavors: r-devel-linux-x86_64-debian-clang, r-devel-linux-x86_64-debian-gcc

Version: 0.1.0
Check: installed package size
Result: NOTE installed size is 7.8Mb sub-directories of 1Mb or more: libs 7.5Mb Flavors: r-oldrel-macos-arm64, r-oldrel-macos-x86_64