Last updated on 2025-07-26 19:50:08 CEST.
Flavor | Version | Tinstall | Tcheck | Ttotal | Status | Flags |
---|---|---|---|---|---|---|
r-devel-linux-x86_64-debian-clang | 0.1.2 | 26.20 | 62.51 | 88.71 | NOTE | |
r-devel-linux-x86_64-debian-gcc | 0.1.5 | 20.71 | 46.41 | 67.12 | OK | |
r-devel-linux-x86_64-fedora-clang | 0.1.5 | 129.24 | OK | |||
r-devel-linux-x86_64-fedora-gcc | 0.1.5 | 125.25 | OK | |||
r-devel-windows-x86_64 | 0.1.2 | 30.00 | 93.00 | 123.00 | NOTE | |
r-patched-linux-x86_64 | 0.1.2 | 27.11 | 59.68 | 86.79 | NOTE | |
r-release-linux-x86_64 | 0.1.2 | 23.97 | 59.54 | 83.51 | NOTE | |
r-release-macos-arm64 | 0.1.2 | 45.00 | NOTE | |||
r-release-macos-x86_64 | 0.1.5 | 73.00 | OK | |||
r-release-windows-x86_64 | 0.1.5 | 27.00 | 112.00 | 139.00 | OK | |
r-oldrel-macos-arm64 | 0.1.2 | 41.00 | NOTE | |||
r-oldrel-macos-x86_64 | 0.1.5 | 81.00 | OK | |||
r-oldrel-windows-x86_64 | 0.1.2 | 38.00 | 116.00 | 154.00 | NOTE |
Version: 0.1.2
Check: CRAN incoming feasibility
Result: NOTE
Maintainer: ‘Aleš Žiberna <ales.ziberna@fdv.uni-lj.si>’
Package CITATION file contains call(s) to old-style personList() or
as.personList(). Please use c() on person objects instead.
Package CITATION file contains call(s) to old-style citEntry(). Please
use bibentry() instead.
Flavor: r-devel-linux-x86_64-debian-clang
Version: 0.1.2
Check: C++ specification
Result: NOTE
Specified C++11: please drop specification unless essential
Flavors: r-devel-linux-x86_64-debian-clang, r-devel-windows-x86_64, r-patched-linux-x86_64, r-release-linux-x86_64, r-release-macos-arm64, r-oldrel-macos-arm64, r-oldrel-windows-x86_64
Version: 0.1.2
Check: Rd cross-references
Result: NOTE
Found the following Rd file(s) with Rd \link{} targets missing package
anchors:
stochBlockORP.Rd: genRandomPar
Please provide package anchors for all Rd \link{} targets not in the
package itself and the base packages.
Flavors: r-devel-linux-x86_64-debian-clang, r-devel-windows-x86_64, r-patched-linux-x86_64, r-release-linux-x86_64