CRAN Package Check Results for Package SDEFSR

Last updated on 2025-07-27 20:50:11 CEST.

Flavor Version Tinstall Tcheck Ttotal Status Flags
r-devel-linux-x86_64-debian-clang 0.7.22 8.75 66.21 74.96 NOTE
r-devel-linux-x86_64-debian-gcc 0.7.22 5.92 46.57 52.49 NOTE
r-devel-linux-x86_64-fedora-clang 0.7.22 120.06 NOTE
r-devel-linux-x86_64-fedora-gcc 0.7.22 145.34 NOTE
r-devel-windows-x86_64 0.7.22 10.00 93.00 103.00 NOTE
r-patched-linux-x86_64 0.7.22 9.38 64.70 74.08 NOTE
r-release-linux-x86_64 0.7.22 7.25 64.22 71.47 NOTE
r-release-macos-arm64 0.7.22 46.00 NOTE
r-release-macos-x86_64 0.7.22 97.00 NOTE
r-release-windows-x86_64 0.7.22 10.00 91.00 101.00 NOTE
r-oldrel-macos-arm64 0.7.22 50.00 NOTE
r-oldrel-macos-x86_64 0.7.22 70.00 NOTE
r-oldrel-windows-x86_64 0.7.22 14.00 108.00 122.00 NOTE

Check Details

Version: 0.7.22
Check: package subdirectories
Result: NOTE Problems with news in ‘NEWS.md’: No news entries found. Flavors: r-devel-linux-x86_64-debian-clang, r-devel-linux-x86_64-debian-gcc, r-devel-linux-x86_64-fedora-clang, r-devel-linux-x86_64-fedora-gcc, r-devel-windows-x86_64, r-patched-linux-x86_64, r-release-linux-x86_64, r-release-macos-arm64, r-release-macos-x86_64, r-release-windows-x86_64, r-oldrel-macos-arm64, r-oldrel-macos-x86_64, r-oldrel-windows-x86_64